
In base 7, what is -52401356 - -15?
-52401341
In base 5, what is -120320111340 - 3?
-120320111343
In base 4, what is -2 + 20210202232?
20210202230
In base 3, what is 200212001222 + -1011121?
200210220101
In base 3, what is 1 + -12222020220120110?
-12222020220120102
In base 15, what is 5 - 1a356e?
-1a3569
In base 13, what is ca2a + -1998?
b062
In base 3, what is -12211021120001212 + -212?
-12211021120002201
In base 13, what is 4 - 65acc8?
-65acc4
In base 16, what is 1788 - 78bc?
-6134
In base 10, what is 85 - 1823914?
-1823829
In base 10, what is -2 - 2115917?
-2115919
In base 7, what is 403320 + -13450?
356540
In base 15, what is -86b27e2 - 1?
-86b27e3
In base 12, what is 2 - -120230a4?
120230a6
In base 7, what is 54 + 5504513?
5504600
In base 11, what is 4430 - -3611?
7a41
In base 5, what is -12104341143 - 23?
-12104341221
In base 12, what is a045 - 431a?
5927
In base 7, what is -12 - 26145222?
-26145234
In base 16, what is 25ab49 - -47?
25ab90
In base 5, what is 44312404334 + -10?
44312404324
In base 16, what is -85a6 + -113?
-86b9
In base 15, what is -20044 + 389?
-1ebaa
In base 13, what is 6b74 + 49c?
7343
In base 3, what is -12102012111112 - -1001?
-12102012110111
In base 8, what is 33456 + -324344?
-270666
In base 5, what is -24 + 134421121?
134421042
In base 4, what is -2103223 + 102200?
-2001023
In base 7, what is -361206 + 1230?
-356646
In base 9, what is 11362878 - 2?
11362876
In base 6, what is -1023113013 + 44?
-1023112525
In base 10, what is 26780 - -54115?
80895
In base 10, what is -15 - -406857?
406842
In base 14, what is 22084 - -9?
2208d
In base 13, what is 24c - 7a6a?
-781b
In base 2, what is -110111101100110000100111 + 101?
-110111101100110000100010
In base 15, what is 1a4a46 - a?
1a4a3b
In base 11, what is -70 + 311961?
3118a1
In base 12, what is 1060 + 7272?
8312
In base 6, what is 1 - 11011545?
-11011544
In base 15, what is -ebd65c29 + -1?
-ebd65c2a
In base 9, what is 73556 - 13161?
60385
In base 13, what is 5 - -a4111?
a4116
In base 10, what is -44948 + 7094?
-37854
In base 4, what is -20212230 + 33112?
-20113112
In base 4, what is 13303 + -1220310122?
-1220230213
In base 5, what is -244332123320 - 3?
-244332123323
In base 3, what is 11112 - 11011110022?
-11011021210
In base 8, what is 73140575 + -5?
73140570
In base 11, what is 150094 - 5?
15008a
In base 2, what is -100010011111101100100111 - -1010010?
-100010011111101011010101
In base 6, what is -1001110 + 5351?
-551315
In base 4, what is -10 - 131013033223?
-131013033233
In base 12, what is -12 + 20b9aa?
20b998
In base 13, what is -18653ac + 14?
-1865398
In base 10, what is 6 - 3203100?
-3203094
In base 13, what is -b867772 - -4?
-b86776b
In base 6, what is -5555453022 - 13?
-5555453035
In base 16, what is -3 + -238531?
-238534
In base 4, what is 2213013 + -12331001?
-10111322
In base 6, what is -4 - 230501445?
-230501453
In base 10, what is -1434 + 194?
-1240
In base 15, what is -4593dbe - -3?
-4593dbb
In base 6, what is -4312003 + -410?
-4312413
In base 2, what is 1000110001000001001001 + -101000111?
1000110000111100000010
In base 12, what is -176102 + 27?
-176097
In base 12, what is 14b4 + 29467?
2a95b
In base 3, what is -1 + -20010010202120021?
-20010010202120022
In base 10, what is -1 - -150647657?
150647656
In base 3, what is 22000102120202122 - 11?
22000102120202111
In base 16, what is 22 + -4d1b4?
-4d192
In base 12, what is 1b + 15b6?
1615
In base 3, what is -20122200 - -1022021?
-12100102
In base 13, what is 1854a - -72?
185bc
In base 5, what is -13 + 1131400000?
1131344432
In base 2, what is -10000111000100011101101000 + -10010?
-10000111000100011101111010
In base 5, what is 3 + 141101300?
141101303
In base 4, what is 3212301311012 + 10?
3212301311022
In base 13, what is -5 + 557547?
557542
In base 2, what is 1110 - 11100100000101000101?
-11100100000100110111
In base 2, what is 10 - -100010110111101110011?
100010110111101110101
In base 3, what is -2202200001110 + -212200?
-2202200221010
In base 15, what is 217c3 - -43?
21816
In base 16, what is b5b215 - 1?
b5b214
In base 9, what is 102 + -3021765?
-3021663
In base 6, what is 312414125 + 4?
312414133
In base 8, what is 4374 - -60556?
65152
In base 13, what is -102b5830 + -4?
-102b5834
In base 7, what is 4101252 + 15?
4101300
In base 15, what is -7144 - -60?
-70d4
In base 15, what is -45ab - 1b33?
-61de
In base 16, what is 1b + -8ded2c?
-8ded11
In base 2, what is 10000011000111001 - 111000?
10000011000000001
In base 11, what is -136661392 - 4?
-136661396
In base 4, what is 101322 - 110300110?
-110132122
In base 11, what is 25017 + -72?
24a55
In base 10, what is -23 - -352290?
352267
In base 5, what is -101000010 - 1332?
-101001342
In base 13, what is 54c903 - 4c?
54c884
In base 9, what is 124342 - -111?
124453
In base 15, what is -40bd02 - 4?
-40bd06
In base 10, what is 119496 - -10968?
130464
In base 9, what is 287 + -5248473?
-5248175
In base 2, what is 101001110110 + -100001111011111?
-11100101101001
In base 6, what is 3042445231 + 12?
3042445243
In base 4, what is 331 - 302313020311?
-302313013320
In base 6, what is 131425 + -25345?
102040
In base 12, what is -4 + -39a6275?
-39a6279
In base 14, what is -b9 + 12885?
127aa
In base 2, what is -10 - 101011001101111010100?
-101011001101111010110
In base 13, what is 9 + 1834?
1840
In base 4, what is 200333010 + 30002?
201023012
In base 4, what is 202211001 - -312?
202211313
In base 2, what is -11011011010000 + -110010001?
-11100001100001
In base 13, what is 2a65 + -14a?
2918
In base 4, what is 13203 + -131003131?
-130323322
In base 8, what is 0 - -6643451?
6643451
In base 12, what is 208a9559 + 3?
208a9560
In base 16, what is 9d69d + b3?
9d750
In base 2, what is 1000 - -110010100110000101000?
110010100110000110000
In base 3, what is 10000000001000011 + 202?
10000000001000220
In base 7, what is 614466405 - 3?
614466402
In base 3, what is -110001010021010 + -12?
-110001010021022
In base 16, what is 100d7216 - 1?
100d7215
In base 13, what is -17c1c45 - 10?
-17c1c55
In base 10, what is 29 + -3450155?
-3450126
In base 5, what is 4 + -10330012013?
-10330012004
In base 4, what is 2320 - -2220301023?
2220310003
In base 6, what is 1021224255 - 10?
1021224245
In base 16, what is 45 - 6e6fd?
-6e6b8
In base 8, what is -202 + 224005?
223603
In base 13, what is -28b2539 - 6?
-28b2542
In base 9, what is -2 - -81717435?
81717433
In base 13, what is 143 + 8086?
81c9
In base 10, what is -214 - 524?
-738
In base 4, what is -13320 - 2031013?
-2110333
In base 2, what is -10 + 10011100011111101110110000?
10011100011111101110101110
In base 6, what is 35254010 - 10?
35254000
In base 10, what is -3614 - 433683?
-437297
In base 6, what is 105 + 121235?
121344
In base 6, what is -13 - -21431353?
21431340
In base 11, what is 77335484 + -2?
77335482
In base 5, what is -10 + 12033423042?
12033423032
In base 13, what is -56a0 - -275?
-5428
In base 8, what is 1016 + -407323?
-406305
In base 4, what is -21133130310 - 11?
-21133130321
In base 3, what is 1 + -112012121212010201?
-112012121212010200
In base 12, what is -1a551 + a0?
-1a471
In base 9, what is 2 + 6275874?
6275876
In base 10, what is 7 + -24213?
-24206
In base 13, what is -12a - -9150?
9023
In base 12, what is -336580 + 0?
-336580
In base 2, what is -10 + -1011101111101100001101110101?
-1011101111101100001101110111
In base 13, what is 8618c + -1?
8618b
In base 10, what is 4270212 + 124?
4270336
In base 14, what is -dd74 - -1c9?
-db89
In base 11, what is 1a6666 - 126?
1a6540
In base 5, what is 2443031214 - -13?
2443031232
In base 14, what is 60ba0 + -db?
60aa3
In base 11, what is 1630a8 + -931?
162277
In base 2, what is -10001 - 110011111000111001011?
-110011111000111011100
In base 6, what is 11 + -12452201?
-12452150
In base 6, what is 1125 - 1333214?
-1332045
In base 9, what is 731 - 30602?
-28761
In base 3, what is -22200101022211 + 100?
-22200101022111
In base 9, what is 6 + 346823118?
346823125
In base 4, what is -131202 - -1033100?
301232
In base 3, what is 2 + -102120101102022?
-102120101102020
In base 3, what is 1222012 - -102021?
2101110
In base 9, what is -17 - -2855311?
2855283
In base 9, what is -82254721 + 4?
-82254716
In base 12, what is -78456 + 56?
-78400
In base 15, what is 4d29ed + -20?
4d29cd
In base 9, what i